{"id":6205,"date":"2022-02-15T09:30:04","date_gmt":"2022-02-15T08:30:04","guid":{"rendered":"https:\/\/www.pojistenikladno.eu\/?page_id=6205"},"modified":"2022-03-17T18:06:04","modified_gmt":"2022-03-17T17:06:04","slug":"fve","status":"publish","type":"page","link":"https:\/\/www.pojistenikladno.eu\/?page_id=6205","title":{"rendered":"Fotovoltaika"},"content":{"rendered":"\t\t<div data-elementor-type=\"wp-post\" data-elementor-id=\"6205\" class=\"elementor elementor-6205\" data-elementor-settings=\"[]\">\n\t\t\t\t\t\t<div class=\"elementor-inner\">\n\t\t\t\t\t\t\t<div class=\"elementor-section-wrap\">\n\t\t\t\t\t\t\t<section class=\"elementor-section elementor-top-section elementor-element elementor-element-13d2e54c elementor-section-boxed elementor-section-height-default elementor-section-height-default\" data-id=\"13d2e54c\" data-element_type=\"section\">\n\t\t\t\t\t\t<div class=\"elementor-container elementor-column-gap-default\">\n\t\t\t\t\t\t\t<div class=\"elementor-row\">\n\t\t\t\t\t<div class=\"elementor-column elementor-col-100 elementor-top-column elementor-element elementor-element-77e75b21\" data-id=\"77e75b21\" data-element_type=\"column\">\n\t\t\t<div class=\"elementor-column-wrap elementor-element-populated\">\n\t\t\t\t\t\t\t<div class=\"elementor-widget-wrap\">\n\t\t\t\t\t\t<div class=\"elementor-element elementor-element-f2a6be7 elementor-widget elementor-widget-text-editor\" data-id=\"f2a6be7\" data-element_type=\"widget\" data-widget_type=\"text-editor.default\">\n\t\t\t\t<div class=\"elementor-widget-container\">\n\t\t\t\t\t\t\t\t<div class=\"elementor-text-editor elementor-clearfix\">\n\t\t\t\t<!-- wp:paragraph -->\n<h2>SNI\u017dOV\u00c1N\u00cd N\u00c1KLAD\u016e NA ENERGIE\u00a0<\/h2>\n<p class=\"-wm-MsoNormal\"><b>Fotovoltaick\u00e9 elektr\u00e1rny pro dom\u00e1cnosti <\/b>\u2013 v\u00fdroba vlastn\u00ed elekt\u0159iny pro p\u0159\u00edmou spot\u0159ebu, na oh\u0159ev vody nebo na ulo\u017een\u00ed do bateri\u00ed na dobu, kdy slunce nesv\u00edt\u00ed<\/p>\n<p class=\"-wm-MsoNormal\"><b>Fotovoltaick\u00e9 elektr\u00e1rny pro firmy <\/b>\u2013 ide\u00e1ln\u00ed \u0159e\u0161en\u00ed<b> <\/b>nap\u0159\u00edklad pro provozovny v\u00fdrobn\u00edch firem, sklady s\u00a0potravinami, firmy z\u00e1visl\u00e9 na chlazen\u00ed, ale i pro kancel\u00e1\u0159sk\u00e9 budovy<\/p>\n<p class=\"-wm-MsoNormal\"><b>Tepeln\u00e1 \u010derpadla<\/b> \u2013 za zlomek dodan\u00e9 energie um\u00ed odeb\u00edrat teplo z\u00a0okoln\u00edho prost\u0159ed\u00ed a p\u0159en\u00e9st ho do Va\u0161\u00ed topn\u00e9 soustavy \u010di oh\u0159\u00e1t teplou u\u017eitkovou vodu<\/p>\n<p class=\"-wm-MsoNormal\"><b>Kombinace fotovoltaick\u00e9 elektr\u00e1rny a tepeln\u00e9ho elektr\u00e1rny a tepeln\u00e9ho \u010derpadla<\/b>, lze dos\u00e1hnout v\u011bt\u0161\u00edch \u00faspor a z\u00edskat i v\u011bt\u0161\u00ed dotaci<\/p>\n<p class=\"-wm-MsoNormal\"><b>Dotace na Fotovoltaick\u00e9 elektr\u00e1rny<\/b> 40 a\u017e 220\u00a0000,- K\u010d<\/p>\n<p class=\"-wm-MsoNormal\"><b>Tepeln\u00e1 \u010derpadla<\/b> 60 a\u017e 140\u00a0000,- K\u010d<\/p>\n<!-- \/wp:paragraph -->\t\t\t\t\t<\/div>\n\t\t\t\t\t\t<\/div>\n\t\t\t\t<\/div>\n\t\t\t\t<div class=\"elementor-element elementor-element-ea0b3a4 elementor-widget elementor-widget-heading\" data-id=\"ea0b3a4\" data-element_type=\"widget\" data-widget_type=\"heading.default\">\n\t\t\t\t<div class=\"elementor-widget-container\">\n\t\t\t<h2 class=\"elementor-heading-title elementor-size-default\">Hlavn\u00ed v\u00fdhody VLASTN\u00cd ELEKTR\u00c1RNY<\/h2>\t\t<\/div>\n\t\t\t\t<\/div>\n\t\t\t\t<div class=\"elementor-element elementor-element-6803f63 elementor-icon-list--layout-traditional elementor-list-item-link-full_width elementor-widget elementor-widget-icon-list\" data-id=\"6803f63\" data-element_type=\"widget\" data-widget_type=\"icon-list.default\">\n\t\t\t\t<div class=\"elementor-widget-container\">\n\t\t\t\t\t<ul class=\"elementor-icon-list-items\">\n\t\t\t\t\t\t\t<li class=\"elementor-icon-list-item\">\n\t\t\t\t\t\t\t\t\t\t\t<span class=\"elementor-icon-list-icon\">\n\t\t\t\t\t\t\t<i aria-hidden=\"true\" class=\"fas fa-check\"><\/i>\t\t\t\t\t\t<\/span>\n\t\t\t\t\t\t\t\t\t\t<span class=\"elementor-icon-list-text\">Alternativn\u00ed doprava - budoucnost dopravy je v elektromobilech i autech na plyn<\/span>\n\t\t\t\t\t\t\t\t\t<\/li>\n\t\t\t\t\t\t\t\t<li class=\"elementor-icon-list-item\">\n\t\t\t\t\t\t\t\t\t\t\t<span class=\"elementor-icon-list-icon\">\n\t\t\t\t\t\t\t<i aria-hidden=\"true\" class=\"fas fa-check\"><\/i>\t\t\t\t\t\t<\/span>\n\t\t\t\t\t\t\t\t\t\t<span class=\"elementor-icon-list-text\">Vyt\u00e1p\u011bn\u00ed a v\u011btr\u00e1n\u00ed - vyt\u00e1p\u011bn\u00ed se velkou m\u011brou pod\u00edl\u00ed na n\u00e1kladech na energie<\/span>\n\t\t\t\t\t\t\t\t\t<\/li>\n\t\t\t\t\t\t\t\t<li class=\"elementor-icon-list-item\">\n\t\t\t\t\t\t\t\t\t\t\t<span class=\"elementor-icon-list-icon\">\n\t\t\t\t\t\t\t<i aria-hidden=\"true\" class=\"fas fa-check\"><\/i>\t\t\t\t\t\t<\/span>\n\t\t\t\t\t\t\t\t\t\t<span class=\"elementor-icon-list-text\">Chytr\u00e1 dom\u00e1cnost<\/span>\n\t\t\t\t\t\t\t\t\t<\/li>\n\t\t\t\t\t\t\t\t<li class=\"elementor-icon-list-item\">\n\t\t\t\t\t\t\t\t\t\t\t<span class=\"elementor-icon-list-icon\">\n\t\t\t\t\t\t\t<i aria-hidden=\"true\" class=\"fas fa-check\"><\/i>\t\t\t\t\t\t<\/span>\n\t\t\t\t\t\t\t\t\t\t<span class=\"elementor-icon-list-text\">Dota\u010dn\u00ed syst\u00e9my pro v\u00fdm\u011bnu kotle, tepeln\u00e1 \u010derpadla, sol\u00e1rn\u00ed energie <\/span>\n\t\t\t\t\t\t\t\t\t<\/li>\n\t\t\t\t\t\t<\/ul>\n\t\t\t\t<\/div>\n\t\t\t\t<\/div>\n\t\t\t\t\t\t<\/div>\n\t\t\t\t\t<\/div>\n\t\t<\/div>\n\t\t\t\t\t\t\t\t<\/div>\n\t\t\t\t\t<\/div>\n\t\t<\/section>\n\t\t\t\t\t\t<\/div>\n\t\t\t\t\t\t<\/div>\n\t\t\t\t\t<\/div>\n\t\t","protected":false},"excerpt":{"rendered":"<p>SNI\u017dOV\u00c1N\u00cd N\u00c1KLAD\u016e NA ENERGIE\u00a0 Fotovoltaick\u00e9 elektr\u00e1rny pro dom\u00e1cnosti \u2013 v\u00fdroba vlastn\u00ed elekt\u0159iny pro p\u0159\u00edmou spot\u0159ebu, na oh\u0159ev vody nebo na ulo\u017een\u00ed do bateri\u00ed na dobu, kdy slunce nesv\u00edt\u00ed Fotovoltaick\u00e9 elektr\u00e1rny pro firmy \u2013 ide\u00e1ln\u00ed \u0159e\u0161en\u00ed nap\u0159\u00edklad pro provozovny v\u00fdrobn\u00edch firem, sklady s\u00a0potravinami, firmy z\u00e1visl\u00e9 na chlazen\u00ed, ale i pro kancel\u00e1\u0159sk\u00e9 budovy Tepeln\u00e1 \u010derpadla \u2013 za [&hellip;]<\/p>\n","protected":false},"author":1,"featured_media":0,"parent":0,"menu_order":0,"comment_status":"closed","ping_status":"open","template":"","meta":{"_mi_skip_tracking":false},"yoast_head":"<!-- This site is optimized with the Yoast SEO plugin v18.1 - https:\/\/yoast.com\/wordpress\/plugins\/seo\/ -->\n<title>Fotovoltaika - Poji\u0161t\u011bn\u00ed a finan\u010dn\u00ed poradenstv\u00ed Kladno<\/title>\n<meta name=\"robots\" content=\"index, follow, max-snippet:-1, max-image-preview:large, max-video-preview:-1\" \/>\n<link rel=\"canonical\" href=\"https:\/\/www.pojistenikladno.eu\/?page_id=6205\" \/>\n<meta property=\"og:locale\" content=\"cs_CZ\" \/>\n<meta property=\"og:type\" content=\"article\" \/>\n<meta property=\"og:title\" content=\"Fotovoltaika - Poji\u0161t\u011bn\u00ed a finan\u010dn\u00ed poradenstv\u00ed Kladno\" \/>\n<meta property=\"og:description\" content=\"SNI\u017dOV\u00c1N\u00cd N\u00c1KLAD\u016e NA ENERGIE\u00a0 Fotovoltaick\u00e9 elektr\u00e1rny pro dom\u00e1cnosti \u2013 v\u00fdroba vlastn\u00ed elekt\u0159iny pro p\u0159\u00edmou spot\u0159ebu, na oh\u0159ev vody nebo na ulo\u017een\u00ed do bateri\u00ed na dobu, kdy slunce nesv\u00edt\u00ed Fotovoltaick\u00e9 elektr\u00e1rny pro firmy \u2013 ide\u00e1ln\u00ed \u0159e\u0161en\u00ed nap\u0159\u00edklad pro provozovny v\u00fdrobn\u00edch firem, sklady s\u00a0potravinami, firmy z\u00e1visl\u00e9 na chlazen\u00ed, ale i pro kancel\u00e1\u0159sk\u00e9 budovy Tepeln\u00e1 \u010derpadla \u2013 za [&hellip;]\" \/>\n<meta property=\"og:url\" content=\"https:\/\/www.pojistenikladno.eu\/?page_id=6205\" \/>\n<meta property=\"og:site_name\" content=\"Poji\u0161t\u011bn\u00ed a finan\u010dn\u00ed poradenstv\u00ed Kladno\" \/>\n<meta property=\"article:publisher\" content=\"https:\/\/www.facebook.com\/NadaKutilovaFinancniPoradenstvi\" \/>\n<meta property=\"article:modified_time\" content=\"2022-03-17T17:06:04+00:00\" \/>\n<meta name=\"twitter:card\" content=\"summary_large_image\" \/>\n<meta name=\"twitter:label1\" content=\"Odhadovan\u00e1 doba \u010dten\u00ed\" \/>\n\t<meta name=\"twitter:data1\" content=\"1 minuta\" \/>\n<script type=\"application\/ld+json\" class=\"yoast-schema-graph\">{\"@context\":\"https:\/\/schema.org\",\"@graph\":[{\"@type\":\"Organization\",\"@id\":\"https:\/\/www.pojistenikladno.eu\/#organization\",\"name\":\"Poji\u0161t\u011bn\u00ed a finan\u010dn\u00ed poradenstv\u00ed Kladno\",\"url\":\"https:\/\/www.pojistenikladno.eu\/\",\"sameAs\":[\"https:\/\/www.facebook.com\/NadaKutilovaFinancniPoradenstvi\"],\"logo\":{\"@type\":\"ImageObject\",\"@id\":\"https:\/\/www.pojistenikladno.eu\/#logo\",\"inLanguage\":\"cs\",\"url\":\"https:\/\/www.pojistenikladno.eu\/wp-content\/uploads\/2019\/08\/logo_final_tm.png\",\"contentUrl\":\"https:\/\/www.pojistenikladno.eu\/wp-content\/uploads\/2019\/08\/logo_final_tm.png\",\"width\":356,\"height\":92,\"caption\":\"Poji\u0161t\u011bn\u00ed a finan\u010dn\u00ed poradenstv\u00ed Kladno\"},\"image\":{\"@id\":\"https:\/\/www.pojistenikladno.eu\/#logo\"}},{\"@type\":\"WebSite\",\"@id\":\"https:\/\/www.pojistenikladno.eu\/#website\",\"url\":\"https:\/\/www.pojistenikladno.eu\/\",\"name\":\"Poji\u0161t\u011bn\u00ed a finan\u010dn\u00ed poradenstv\u00ed Kladno\",\"description\":\"\",\"publisher\":{\"@id\":\"https:\/\/www.pojistenikladno.eu\/#organization\"},\"potentialAction\":[{\"@type\":\"SearchAction\",\"target\":{\"@type\":\"EntryPoint\",\"urlTemplate\":\"https:\/\/www.pojistenikladno.eu\/?s={search_term_string}\"},\"query-input\":\"required name=search_term_string\"}],\"inLanguage\":\"cs\"},{\"@type\":\"WebPage\",\"@id\":\"https:\/\/www.pojistenikladno.eu\/?page_id=6205#webpage\",\"url\":\"https:\/\/www.pojistenikladno.eu\/?page_id=6205\",\"name\":\"Fotovoltaika - Poji\u0161t\u011bn\u00ed a finan\u010dn\u00ed poradenstv\u00ed Kladno\",\"isPartOf\":{\"@id\":\"https:\/\/www.pojistenikladno.eu\/#website\"},\"datePublished\":\"2022-02-15T08:30:04+00:00\",\"dateModified\":\"2022-03-17T17:06:04+00:00\",\"breadcrumb\":{\"@id\":\"https:\/\/www.pojistenikladno.eu\/?page_id=6205#breadcrumb\"},\"inLanguage\":\"cs\",\"potentialAction\":[{\"@type\":\"ReadAction\",\"target\":[\"https:\/\/www.pojistenikladno.eu\/?page_id=6205\"]}]},{\"@type\":\"BreadcrumbList\",\"@id\":\"https:\/\/www.pojistenikladno.eu\/?page_id=6205#breadcrumb\",\"itemListElement\":[{\"@type\":\"ListItem\",\"position\":1,\"name\":\"Dom\u016f\",\"item\":\"https:\/\/www.pojistenikladno.eu\/\"},{\"@type\":\"ListItem\",\"position\":2,\"name\":\"Fotovoltaika\"}]}]}<\/script>\n<!-- \/ Yoast SEO plugin. -->","yoast_head_json":{"title":"Fotovoltaika - Poji\u0161t\u011bn\u00ed a finan\u010dn\u00ed poradenstv\u00ed Kladno","robots":{"index":"index","follow":"follow","max-snippet":"max-snippet:-1","max-image-preview":"max-image-preview:large","max-video-preview":"max-video-preview:-1"},"canonical":"https:\/\/www.pojistenikladno.eu\/?page_id=6205","og_locale":"cs_CZ","og_type":"article","og_title":"Fotovoltaika - Poji\u0161t\u011bn\u00ed a finan\u010dn\u00ed poradenstv\u00ed Kladno","og_description":"SNI\u017dOV\u00c1N\u00cd N\u00c1KLAD\u016e NA ENERGIE\u00a0 Fotovoltaick\u00e9 elektr\u00e1rny pro dom\u00e1cnosti \u2013 v\u00fdroba vlastn\u00ed elekt\u0159iny pro p\u0159\u00edmou spot\u0159ebu, na oh\u0159ev vody nebo na ulo\u017een\u00ed do bateri\u00ed na dobu, kdy slunce nesv\u00edt\u00ed Fotovoltaick\u00e9 elektr\u00e1rny pro firmy \u2013 ide\u00e1ln\u00ed \u0159e\u0161en\u00ed nap\u0159\u00edklad pro provozovny v\u00fdrobn\u00edch firem, sklady s\u00a0potravinami, firmy z\u00e1visl\u00e9 na chlazen\u00ed, ale i pro kancel\u00e1\u0159sk\u00e9 budovy Tepeln\u00e1 \u010derpadla \u2013 za [&hellip;]","og_url":"https:\/\/www.pojistenikladno.eu\/?page_id=6205","og_site_name":"Poji\u0161t\u011bn\u00ed a finan\u010dn\u00ed poradenstv\u00ed Kladno","article_publisher":"https:\/\/www.facebook.com\/NadaKutilovaFinancniPoradenstvi","article_modified_time":"2022-03-17T17:06:04+00:00","twitter_card":"summary_large_image","twitter_misc":{"Odhadovan\u00e1 doba \u010dten\u00ed":"1 minuta"},"schema":{"@context":"https:\/\/schema.org","@graph":[{"@type":"Organization","@id":"https:\/\/www.pojistenikladno.eu\/#organization","name":"Poji\u0161t\u011bn\u00ed a finan\u010dn\u00ed poradenstv\u00ed Kladno","url":"https:\/\/www.pojistenikladno.eu\/","sameAs":["https:\/\/www.facebook.com\/NadaKutilovaFinancniPoradenstvi"],"logo":{"@type":"ImageObject","@id":"https:\/\/www.pojistenikladno.eu\/#logo","inLanguage":"cs","url":"https:\/\/www.pojistenikladno.eu\/wp-content\/uploads\/2019\/08\/logo_final_tm.png","contentUrl":"https:\/\/www.pojistenikladno.eu\/wp-content\/uploads\/2019\/08\/logo_final_tm.png","width":356,"height":92,"caption":"Poji\u0161t\u011bn\u00ed a finan\u010dn\u00ed poradenstv\u00ed Kladno"},"image":{"@id":"https:\/\/www.pojistenikladno.eu\/#logo"}},{"@type":"WebSite","@id":"https:\/\/www.pojistenikladno.eu\/#website","url":"https:\/\/www.pojistenikladno.eu\/","name":"Poji\u0161t\u011bn\u00ed a finan\u010dn\u00ed poradenstv\u00ed Kladno","description":"","publisher":{"@id":"https:\/\/www.pojistenikladno.eu\/#organization"},"potentialAction":[{"@type":"SearchAction","target":{"@type":"EntryPoint","urlTemplate":"https:\/\/www.pojistenikladno.eu\/?s={search_term_string}"},"query-input":"required name=search_term_string"}],"inLanguage":"cs"},{"@type":"WebPage","@id":"https:\/\/www.pojistenikladno.eu\/?page_id=6205#webpage","url":"https:\/\/www.pojistenikladno.eu\/?page_id=6205","name":"Fotovoltaika - Poji\u0161t\u011bn\u00ed a finan\u010dn\u00ed poradenstv\u00ed Kladno","isPartOf":{"@id":"https:\/\/www.pojistenikladno.eu\/#website"},"datePublished":"2022-02-15T08:30:04+00:00","dateModified":"2022-03-17T17:06:04+00:00","breadcrumb":{"@id":"https:\/\/www.pojistenikladno.eu\/?page_id=6205#breadcrumb"},"inLanguage":"cs","potentialAction":[{"@type":"ReadAction","target":["https:\/\/www.pojistenikladno.eu\/?page_id=6205"]}]},{"@type":"BreadcrumbList","@id":"https:\/\/www.pojistenikladno.eu\/?page_id=6205#breadcrumb","itemListElement":[{"@type":"ListItem","position":1,"name":"Dom\u016f","item":"https:\/\/www.pojistenikladno.eu\/"},{"@type":"ListItem","position":2,"name":"Fotovoltaika"}]}]}},"_links":{"self":[{"href":"https:\/\/www.pojistenikladno.eu\/index.php?rest_route=\/wp\/v2\/pages\/6205"}],"collection":[{"href":"https:\/\/www.pojistenikladno.eu\/index.php?rest_route=\/wp\/v2\/pages"}],"about":[{"href":"https:\/\/www.pojistenikladno.eu\/index.php?rest_route=\/wp\/v2\/types\/page"}],"author":[{"embeddable":true,"href":"https:\/\/www.pojistenikladno.eu\/index.php?rest_route=\/wp\/v2\/users\/1"}],"replies":[{"embeddable":true,"href":"https:\/\/www.pojistenikladno.eu\/index.php?rest_route=%2Fwp%2Fv2%2Fcomments&post=6205"}],"version-history":[{"count":14,"href":"https:\/\/www.pojistenikladno.eu\/index.php?rest_route=\/wp\/v2\/pages\/6205\/revisions"}],"predecessor-version":[{"id":6313,"href":"https:\/\/www.pojistenikladno.eu\/index.php?rest_route=\/wp\/v2\/pages\/6205\/revisions\/6313"}],"wp:attachment":[{"href":"https:\/\/www.pojistenikladno.eu\/index.php?rest_route=%2Fwp%2Fv2%2Fmedia&parent=6205"}],"curies":[{"name":"wp","href":"https:\/\/api.w.org\/{rel}","templated":true}]}}